
16
Suppose 3*n = -0*n. Suppose 2*z - 5*z + 270 = n. Suppose -30*j = -47*j + 527. What is the remainder when z is divided by j?
28
Let k = 38503 - 34220. What is the remainder when k is divided by 102?
101
Let p(t) = 70*t - 3. Let k(m) = 23*m - 1. Let x(d) = -7*k(d) + 2*p(d). Let b = -98 - -141. What is the remainder when b is divided by x(-1)?
21
Let t = 3364 + -3349. What is the remainder when 116 is divided by t?
11
Suppose 387*o + 362*o + 2928 = 765*o. Calculate the remainder when 3493 is divided by o.
16
What is the remainder when 4427 is divided by (-11)/((-275)/180)*110/66?
11
Suppose -v = 2*g - 629, 191*v - 1258 = 189*v - 2*g. Calculate the remainder when v is divided by 612.
17
Suppose 3*h = -2*m + 308, -4*h + 5*m + 574 - 125 = 0. Suppose 9*y = -h + 331. What is the remainder when y is divided by (-1)/((-3)/(-12)) - -18?
11
Suppose 4*b = 7 + 9. Suppose v - 125 = -b*v. Suppose 40*l - 1106 + 706 = 0. Calculate the remainder when v is divided by l.
5
Let u(m) = 6*m**2 - 6. Let c(j) = j**2 - 13*j - 17. Let t be c(14). What is the remainder when (-3)/((3/126)/(6/(-4))) is divided by u(t)?
45
What is the remainder when 236/((-3)/(375/(-100))) is divided by 238?
57
Let o(r) = -28*r - 175. Let y(x) = x + 26. Let m be y(-34). Calculate the remainder when 151 is divided by o(m).
4
Let l(x) be the first derivative of x**4/4 + 5*x**3/3 - 12*x**2 + 5*x - 18. Let a be l(-10). Let m = -148 - a. Calculate the remainder when m is divided by 37.
33
Suppose 9*x = -2*x - 2057. Calculate the remainder when 34/x + (-772)/(-11) is divided by 8.
6
Suppose 55*a = 51*a + 5*q + 2005, a + 3*q - 497 = 0. What is the remainder when a is divided by 12?
8
Let r(h) = -h**3 - 8*h**2 + 41*h + 99. What is the remainder when 626 is divided by r(-11)?
10
Calculate the remainder when 862 is divided by (4 + (-8)/(-4))/((-36)/(-468)).
4
Suppose -2*u = 2*u, -5*u = -j + 516. Let h = j + -360. Let o = 103 + -63. Calculate the remainder when h is divided by o.
36
Let h = 16 - -35. Calculate the remainder when 176 is divided by h.
23
Let o be 1/1*(-87 + 4 - -7). Let y = 89 + o. What is the remainder when 58 is divided by y?
6
Let z = 565 - 561. Suppose -63 = -4*f + m, 75*f - z*m - 48 = 71*f. Calculate the remainder when 116 is divided by f.
14
Suppose 9*l = -38 + 110. Suppose -3*n + l*n = 1015. Suppose h - n = -h + 3*a, -h + 104 = a. What is the remainder when h is divided by 13?
12
Suppose 8*f - 92 = 132. Suppose 4*g - 3*a = -0*a + 557, -554 = -4*g + 2*a. Calculate the remainder when g is divided by f.
25
Calculate the remainder when 198/(-4)*748/(-66) is divided by 113.
109
Suppose -3*t - 1509 = -3*h, -818*h = -815*h + 2*t - 1504. What is the remainder when h is divided by 114?
46
Let p(n) = -n**3 - 66*n**2 + 3*n + 19. Let a(l) = 4*l**2 - 3*l - 3. Calculate the remainder when a(3) is divided by p(0).
5
Suppose 114*h - 73*h = 3936. Calculate the remainder when 294 is divided by h.
6
Let z = 18 - 22. Let s be (14/(-7))/(z/10). Suppose -3*p - s*m + 33 = 0, 2*m + 55 = 5*p + m. What is the remainder when p is divided by 4?
3
Let u(w) = 2 + 4 - 8 + 22*w + 3. Let j be u(6). Let m = j - 71. Calculate the remainder when m is divided by 9.
8
Let r = -32755 - -34677. What is the remainder when r is divided by 329?
277
Let q be (18/4)/(-3)*(-44)/33. Suppose -126 = -3*x - 5*m, -q*m = 2*m + 12. Suppose 31*n - 13*n = 306. What is the remainder when x is divided by n?
13
Let v be 5/((-25)/(-1))*125. Suppose -2*d + v = 7. Calculate the remainder when 17 is divided by d.
8
Suppose -4*z + 398 = -2*z. Let q(r) = 4*r**2 - 80*r + 50. What is the remainder when z is divided by q(20)?
49
What is the remainder when 0 - (-47 - (-2 - -1)) is divided by 1771/46 + -39 + 50/4?
10
Calculate the remainder when 2225 is divided by (-7185)/(-55) + -24*(-4)/264.
129
What is the remainder when 357 is divided by (-21545)/(-341) - -1*2/(-11)?
42
Suppose 51*u - 366 = 49*u. Suppose -m - u = -4*c, 102 = 2*c + 2*m - 6*m. What is the remainder when ((-84)/(-10))/(6/c) is divided by 32?
31
Let b = -38732 + 38758. What is the remainder when (-2)/3 - (-1860)/9 is divided by b?
24
Let v be 9/(-6) + (-7)/(-2). Suppose 2*i + v*i - 35 = -5*j, 4*i - 5 = 5*j. Suppose -i*b = -10*b + 50. What is the remainder when 57 is divided by b?
7
Let q be (-28)/154 + 101/11. Let f be ((-64)/6)/(1/(-3)). Suppose -q*g = -31 - f. What is the remainder when g is divided by 5?
2
What is the remainder when 752 is divided by 27/(12/(-16)*-2)?
14
Let f(l) = 33 + 20*l + 36 - l**2 - 99 + 44. What is the remainder when f(15) is divided by 26?
11
Let a be (-4)/(-14) + 46/(-14) - -2. Suppose -l + 147 = 45. Calculate the remainder when l is divided by a/(-5) + (-258)/(-10).
24
Suppose 4*n - 50 - 86 = 0. Let q(u) = 7*u**2 + 18*u + 17. Let l be q(-1). Let s = 13 + l. Calculate the remainder when n is divided by s.
15
Let q(h) = -4*h + 47. Let l be q(11). Let f(o) = -73 - o + 8*o - l*o. What is the remainder when 21 is divided by f(22)?
6
Suppose -170*o + 9 = -167*o. Suppose 62 = 2*n + r, o*n + 3*r - 86 = -2*r. Calculate the remainder when 74 is divided by n.
10
Let p be 5/(25/164) + 1/5. Suppose p*b - 41*b = -88. Calculate the remainder when 53 is divided by b.
9
Suppose 5747 = 3705*k - 3699*k + 2171. What is the remainder when k is divided by 7?
1
Let v(c) = -486*c + 93432. What is the remainder when v(192) is divided by ((-64)/6)/(2/(-6))?
24
Suppose -72*a + 27*a = -12960. Suppose -2*d + 189 = 3*y, 94 = d + 5*y - 3*y. Calculate the remainder when a is divided by d.
0
Suppose -25*t + 361 = -1339. Let g = 79 - t. Calculate the remainder when 350 is divided by g.
9
Let b(p) = 2*p + 49. Let k be b(-23). Suppose k*a = -q + 54, a - 31 = -q - 11. What is the remainder when 47 is divided by a?
13
Suppose -4*h + 3 = 15, -2*j + 5*h + 19 = 0. Suppose -266 = -9*m + j*m. Calculate the remainder when (-12 - -2)*159/(-6) is divided by m.
37
Suppose -5*m + 5 = 0, -16*h + 12*h = m - 409. Calculate the remainder when h is divided by 16.
6
Suppose t + 2*w - 10 = -2, 5*w = t - 15. Let g(k) = -10*k + 142. What is the remainder when 143 is divided by g(t)?
17
Suppose 7*m - 10 + 52 = 0. Calculate the remainder when ((-78)/12)/(m/168) is divided by 63.
56
Let d(z) = -z**3 + 10*z**2 - 45*z + 285. Calculate the remainder when 829 is divided by d(7).
10
Suppose s + 2*s = 5*k - 6700, 2*s + 5*k = -4450. Let j = 3956 + s. What is the remainder when j is divided by 18?
16
Suppose 3*o - h = 4*h + 2035, -4*o = 5*h - 2725. Suppose 0*u - 3*u + 342 = 2*z, -o = -4*z - 4*u. Calculate the remainder when z is divided by 19.
16
Calculate the remainder when ((-54)/(-4))/(-3)*(-3051092)/3366 is divided by 13.
10
Suppose -2*o + 14 = f, o = -2*f - 2*f + 84. Let y(p) = 147*p - 26. Let q be y(6). Suppose -89*u + 97*u - q = 0. What is the remainder when u is divided by f?
19
Let s(r) = -193*r**2 + 87*r**2 + r**3 - 58 + 94*r**2 + 34*r. Let w = -10 - -25. What is the remainder when s(10) is divided by w?
7
Suppose 8*g + 261 = 11*g. Let u = g + 10. Suppose j + 2*j - 5*w = 65, -2*w = -4. What is the remainder when u is divided by j?
22
Let v(j) = -2*j**2 - 36*j + 55. Let m be v(-19). Calculate the remainder when 1/1*(m + (14 - 5)) is divided by 17.
9
Suppose m = k - 26, 3*m = -k + m + 38. Suppose -4*w + 8 = 0, n - 2*n = 3*w - 93. Suppose 6*g = n + 435. Calculate the remainder when g is divided by k.
27
Let x(u) = 2*u**3 - 2*u**2 + 5*u + 2. Let d be 5 + 0 + 4/(-4). What is the remainder when x(d) is divided by 21?
13
Suppose 0 = s - t - 1 - 4, 2*s = 3*t + 10. Suppose 3*b = s*b + 3*b. Calculate the remainder when (0 + b + -1)/((-26)/1794) is divided by 18.
15
Let m(j) = -j**3 - 10*j**2 + j - 57. Calculate the remainder when 275 is divided by m(-11).
10
Let v(o) = -o**3 + 9*o**2 + 70*o - 16. What is the remainder when v(-7) is divided by 159?
119
Let f(j) = 4*j**3 - 4*j**2 + j - 6. Let n be f(3). Suppose 16 - n = -o. Let k = o - -21. Calculate the remainder when k is divided by 19.
17
Let f(w) be the first derivative of -13*w**2 + 5*w - 3. Let a(h) = -5*h**3 + 2*h**2 + 9*h - 2. Calculate the remainder when f(-4) is divided by a(-2).
25
Let y(r) = 3*r - 89. Let h be (-1 + 1)/(5 - 7). Calculate the remainder when y(34) is divided by -3 + (12 + h - 3).
1
Let c(b) = -24 - 44 + 49 + 14*b. Let g(u) = -2*u - 3. 